{"id":7,"date":"2019-01-15T14:39:36","date_gmt":"2019-01-15T16:39:36","guid":{"rendered":"http:\/\/sspsicopedagogia.com.br\/blog\/?page_id=7"},"modified":"2020-08-22T16:36:32","modified_gmt":"2020-08-22T19:36:32","slug":"blog","status":"publish","type":"page","link":"https:\/\/sspsicopedagogia.com.br\/blog\/","title":{"rendered":""},"content":{"rendered":"\n<div class=\"pt-cv-wrapper\"><div class=\"pt-cv-view pt-cv-grid pt-cv-colsys\" id=\"pt-cv-view-d293524iwy\"><div data-id=\"pt-cv-page-1\" class=\"pt-cv-page\" data-cvc=\"3\"><div class=\"col-md-4 col-sm-6 col-xs-12 pt-cv-content-item pt-cv-1-col\" ><div class='pt-cv-ifield'><a href=\"https:\/\/sspsicopedagogia.com.br\/blog\/atividade-o-assassinato-da-ortografia\/\" class=\"_self pt-cv-href-thumbnail pt-cv-thumb-default\" target=\"_self\" ><img width=\"300\" height=\"150\" src=\"https:\/\/sspsicopedagogia.com.br\/blog\/wp-content\/uploads\/2021\/01\/psicopppesquisando-300x150.jpg\" class=\"pt-cv-thumbnail\" alt=\"\" loading=\"lazy\" \/><\/a>\n<h4 class=\"pt-cv-title\"><a href=\"https:\/\/sspsicopedagogia.com.br\/blog\/atividade-o-assassinato-da-ortografia\/\" class=\"_self\" target=\"_self\" >Atividade: O Assassinato da Ortografia<\/a><\/h4>\n<div class=\"pt-cv-content\">Objetivos para uso no Diagn\u00f3stico: Identificar o dom\u00ednio do aprendente com rela\u00e7\u00e3o \u00e0 l\u00edngua portuguesa.Avaliar a capacidade de aten\u00e7\u00e3o do ...<br \/><div class=\"pt-cv-rmwrap\"><a href=\"https:\/\/sspsicopedagogia.com.br\/blog\/atividade-o-assassinato-da-ortografia\/\" class=\"_self pt-cv-readmore btn btn-success\" target=\"_self\">Leia Mais<\/a><\/div><\/div><\/div><\/div>\n<div class=\"col-md-4 col-sm-6 col-xs-12 pt-cv-content-item pt-cv-1-col\" ><div class='pt-cv-ifield'><a href=\"https:\/\/sspsicopedagogia.com.br\/blog\/jean-piaget-40-anos-da-sua-morte-38-anos-de-parceria\/\" class=\"_self pt-cv-href-thumbnail pt-cv-thumb-default\" target=\"_self\" ><img width=\"300\" height=\"150\" src=\"https:\/\/sspsicopedagogia.com.br\/blog\/wp-content\/uploads\/2020\/09\/PIAGET-300x150.jpeg\" class=\"pt-cv-thumbnail\" alt=\"\" loading=\"lazy\" \/><\/a>\n<h4 class=\"pt-cv-title\"><a href=\"https:\/\/sspsicopedagogia.com.br\/blog\/jean-piaget-40-anos-da-sua-morte-38-anos-de-parceria\/\" class=\"_self\" target=\"_self\" >Jean Piaget &#8211; 40 anos da sua morte &#8211; 38 anos de parceria<\/a><\/h4>\n<div class=\"pt-cv-content\">Minha homenagem hoje, 16\/09\/2020, vai para o Psic\u00f3logo su\u00ed\u00e7o JEAN CLAUDE PIAGET no dia em que lembramos os 40 anos ...<br \/><div class=\"pt-cv-rmwrap\"><a href=\"https:\/\/sspsicopedagogia.com.br\/blog\/jean-piaget-40-anos-da-sua-morte-38-anos-de-parceria\/\" class=\"_self pt-cv-readmore btn btn-success\" target=\"_self\">Leia Mais<\/a><\/div><\/div><\/div><\/div>\n<div class=\"col-md-4 col-sm-6 col-xs-12 pt-cv-content-item pt-cv-1-col\" ><div class='pt-cv-ifield'><a href=\"https:\/\/sspsicopedagogia.com.br\/blog\/psicopedagoga-valorize-sua-trajetoria-escreva-sua-historia\/\" class=\"_self pt-cv-href-thumbnail pt-cv-thumb-default\" target=\"_self\" ><img width=\"300\" height=\"150\" src=\"https:\/\/sspsicopedagogia.com.br\/blog\/wp-content\/uploads\/2020\/09\/escolhas-4-300x150.jpg\" class=\"pt-cv-thumbnail\" alt=\"\" loading=\"lazy\" \/><\/a>\n<h4 class=\"pt-cv-title\"><a href=\"https:\/\/sspsicopedagogia.com.br\/blog\/psicopedagoga-valorize-sua-trajetoria-escreva-sua-historia\/\" class=\"_self\" target=\"_self\" >Psicopedagoga, valorize sua trajet\u00f3ria, escreva sua hist\u00f3ria<\/a><\/h4>\n<div class=\"pt-cv-content\">Qual \u00e9 a sua hist\u00f3ria na Psicopedagogia? Como chegou at\u00e9 aqui? Que marcas voc\u00ea traz da sua aprendizagem? Como voc\u00ea ...<br \/><div class=\"pt-cv-rmwrap\"><a href=\"https:\/\/sspsicopedagogia.com.br\/blog\/psicopedagoga-valorize-sua-trajetoria-escreva-sua-historia\/\" class=\"_self pt-cv-readmore btn btn-success\" target=\"_self\">Leia Mais<\/a><\/div><\/div><\/div><\/div>\n<div class=\"col-md-4 col-sm-6 col-xs-12 pt-cv-content-item pt-cv-1-col\" ><div class='pt-cv-ifield'><a href=\"https:\/\/sspsicopedagogia.com.br\/blog\/minha-historia\/\" class=\"_self pt-cv-href-thumbnail pt-cv-thumb-default\" target=\"_self\" ><img width=\"182\" height=\"150\" src=\"https:\/\/sspsicopedagogia.com.br\/blog\/wp-content\/uploads\/2020\/01\/SimoneSS.jpeg\" class=\"pt-cv-thumbnail\" alt=\"\" loading=\"lazy\" srcset=\"https:\/\/sspsicopedagogia.com.br\/blog\/wp-content\/uploads\/2020\/01\/SimoneSS.jpeg 1280w, https:\/\/sspsicopedagogia.com.br\/blog\/wp-content\/uploads\/2020\/01\/SimoneSS-300x247.jpeg 300w, https:\/\/sspsicopedagogia.com.br\/blog\/wp-content\/uploads\/2020\/01\/SimoneSS-768x632.jpeg 768w, https:\/\/sspsicopedagogia.com.br\/blog\/wp-content\/uploads\/2020\/01\/SimoneSS-1024x843.jpeg 1024w, https:\/\/sspsicopedagogia.com.br\/blog\/wp-content\/uploads\/2020\/01\/SimoneSS-1140x939.jpeg 1140w\" sizes=\"(max-width: 182px) 100vw, 182px\" \/><\/a>\n<h4 class=\"pt-cv-title\"><a href=\"https:\/\/sspsicopedagogia.com.br\/blog\/minha-historia\/\" class=\"_self\" target=\"_self\" >MINHA HIST\u00d3RIA<\/a><\/h4>\n<div class=\"pt-cv-content\">Sei que o que d\u00e1 sentido \u00e0 minha vida \u00e9 ajudar pessoas! Compartilhar conhecimentos e ideias com os outros foi ...<br \/><div class=\"pt-cv-rmwrap\"><a href=\"https:\/\/sspsicopedagogia.com.br\/blog\/minha-historia\/\" class=\"_self pt-cv-readmore btn btn-success\" target=\"_self\">Leia Mais<\/a><\/div><\/div><\/div><\/div>\n<div class=\"col-md-4 col-sm-6 col-xs-12 pt-cv-content-item pt-cv-1-col\" ><div class='pt-cv-ifield'><a href=\"https:\/\/sspsicopedagogia.com.br\/blog\/passo-4-faca-4-10\/\" class=\"_self pt-cv-href-thumbnail pt-cv-thumb-default\" target=\"_self\" ><img width=\"150\" height=\"150\" src=\"https:\/\/sspsicopedagogia.com.br\/blog\/wp-content\/uploads\/2020\/05\/3-FAC\u0327A.jpg\" class=\"pt-cv-thumbnail\" alt=\"\" loading=\"lazy\" srcset=\"https:\/\/sspsicopedagogia.com.br\/blog\/wp-content\/uploads\/2020\/05\/3-FAC\u0327A.jpg 500w, https:\/\/sspsicopedagogia.com.br\/blog\/wp-content\/uploads\/2020\/05\/3-FAC\u0327A-300x300.jpg 300w, https:\/\/sspsicopedagogia.com.br\/blog\/wp-content\/uploads\/2020\/05\/3-FAC\u0327A-150x150.jpg 150w, https:\/\/sspsicopedagogia.com.br\/blog\/wp-content\/uploads\/2020\/05\/3-FAC\u0327A-75x75.jpg 75w\" sizes=\"(max-width: 150px) 100vw, 150px\" \/><\/a>\n<h4 class=\"pt-cv-title\"><a href=\"https:\/\/sspsicopedagogia.com.br\/blog\/passo-4-faca-4-10\/\" class=\"_self\" target=\"_self\" >PASSO 4: FA\u00c7A! (4\/10)<\/a><\/h4>\n<div class=\"pt-cv-content\">Arrume suas gavetas \"Aprendi com os mais velhos e s\u00e1bios que, quando temos um problema dif\u00edcil de ser resolvido, que ...<br \/><div class=\"pt-cv-rmwrap\"><a href=\"https:\/\/sspsicopedagogia.com.br\/blog\/passo-4-faca-4-10\/\" class=\"_self pt-cv-readmore btn btn-success\" target=\"_self\">Leia Mais<\/a><\/div><\/div><\/div><\/div>\n<div class=\"col-md-4 col-sm-6 col-xs-12 pt-cv-content-item pt-cv-1-col\" ><div class='pt-cv-ifield'><a href=\"https:\/\/sspsicopedagogia.com.br\/blog\/decida-2-10\/\" class=\"_self pt-cv-href-thumbnail pt-cv-thumb-default\" target=\"_self\" ><img width=\"150\" height=\"150\" src=\"https:\/\/sspsicopedagogia.com.br\/blog\/wp-content\/uploads\/2020\/05\/2-DECIDA.jpg\" class=\"pt-cv-thumbnail\" alt=\"\" loading=\"lazy\" srcset=\"https:\/\/sspsicopedagogia.com.br\/blog\/wp-content\/uploads\/2020\/05\/2-DECIDA.jpg 500w, https:\/\/sspsicopedagogia.com.br\/blog\/wp-content\/uploads\/2020\/05\/2-DECIDA-300x300.jpg 300w, https:\/\/sspsicopedagogia.com.br\/blog\/wp-content\/uploads\/2020\/05\/2-DECIDA-150x150.jpg 150w, https:\/\/sspsicopedagogia.com.br\/blog\/wp-content\/uploads\/2020\/05\/2-DECIDA-75x75.jpg 75w\" sizes=\"(max-width: 150px) 100vw, 150px\" \/><\/a>\n<h4 class=\"pt-cv-title\"><a href=\"https:\/\/sspsicopedagogia.com.br\/blog\/decida-2-10\/\" class=\"_self\" target=\"_self\" >PASSO 2: DECIDA! (2\/10)<\/a><\/h4>\n<div class=\"pt-cv-content\">Que quer mudar e que vai se envolver no processo! Ol\u00e1 Cuidador! A situa\u00e7\u00e3o que estamos vivendo hoje com o ...<br \/><div class=\"pt-cv-rmwrap\"><a href=\"https:\/\/sspsicopedagogia.com.br\/blog\/decida-2-10\/\" class=\"_self pt-cv-readmore btn btn-success\" target=\"_self\">Leia Mais<\/a><\/div><\/div><\/div><\/div>\n<div class=\"col-md-4 col-sm-6 col-xs-12 pt-cv-content-item pt-cv-1-col\" ><div class='pt-cv-ifield'><a href=\"https:\/\/sspsicopedagogia.com.br\/blog\/1o-passo-reconheca-1-10\/\" class=\"_self pt-cv-href-thumbnail pt-cv-thumb-default\" target=\"_self\" ><img width=\"150\" height=\"150\" src=\"https:\/\/sspsicopedagogia.com.br\/blog\/wp-content\/uploads\/2020\/05\/1-RECONHEC\u0327A.jpg\" class=\"pt-cv-thumbnail\" alt=\"\" loading=\"lazy\" srcset=\"https:\/\/sspsicopedagogia.com.br\/blog\/wp-content\/uploads\/2020\/05\/1-RECONHEC\u0327A.jpg 500w, https:\/\/sspsicopedagogia.com.br\/blog\/wp-content\/uploads\/2020\/05\/1-RECONHEC\u0327A-300x300.jpg 300w, https:\/\/sspsicopedagogia.com.br\/blog\/wp-content\/uploads\/2020\/05\/1-RECONHEC\u0327A-150x150.jpg 150w, https:\/\/sspsicopedagogia.com.br\/blog\/wp-content\/uploads\/2020\/05\/1-RECONHEC\u0327A-75x75.jpg 75w\" sizes=\"(max-width: 150px) 100vw, 150px\" \/><\/a>\n<h4 class=\"pt-cv-title\"><a href=\"https:\/\/sspsicopedagogia.com.br\/blog\/1o-passo-reconheca-1-10\/\" class=\"_self\" target=\"_self\" >PASSO 1: RECONHE\u00c7A! (1\/10)<\/a><\/h4>\n<div class=\"pt-cv-content\">Que do jeito que est\u00e1 n\u00e3o d\u00e1 mais! Muita gente pensa que, para dar uma virada na vida, \u00e9 preciso ...<br \/><div class=\"pt-cv-rmwrap\"><a href=\"https:\/\/sspsicopedagogia.com.br\/blog\/1o-passo-reconheca-1-10\/\" class=\"_self pt-cv-readmore btn btn-success\" target=\"_self\">Leia Mais<\/a><\/div><\/div><\/div><\/div>\n<div class=\"col-md-4 col-sm-6 col-xs-12 pt-cv-content-item pt-cv-1-col\" ><div class='pt-cv-ifield'><a href=\"https:\/\/sspsicopedagogia.com.br\/blog\/suba-para-respirar\/\" class=\"_self pt-cv-href-thumbnail pt-cv-thumb-default\" target=\"_self\" ><img width=\"150\" height=\"150\" src=\"https:\/\/sspsicopedagogia.com.br\/blog\/wp-content\/uploads\/2019\/10\/3.jpg\" class=\"pt-cv-thumbnail\" alt=\"\" loading=\"lazy\" srcset=\"https:\/\/sspsicopedagogia.com.br\/blog\/wp-content\/uploads\/2019\/10\/3.jpg 500w, https:\/\/sspsicopedagogia.com.br\/blog\/wp-content\/uploads\/2019\/10\/3-300x300.jpg 300w, https:\/\/sspsicopedagogia.com.br\/blog\/wp-content\/uploads\/2019\/10\/3-150x150.jpg 150w, https:\/\/sspsicopedagogia.com.br\/blog\/wp-content\/uploads\/2019\/10\/3-75x75.jpg 75w\" sizes=\"(max-width: 150px) 100vw, 150px\" \/><\/a>\n<h4 class=\"pt-cv-title\"><a href=\"https:\/\/sspsicopedagogia.com.br\/blog\/suba-para-respirar\/\" class=\"_self\" target=\"_self\" >PASSO 3: ACEITE (3\/10)<\/a><\/h4>\n<div class=\"pt-cv-content\">Voc\u00ea vai falhar e est\u00e1 tudo bem! Conversando com algumas pessoas que leram os textos anteriores, vejo que muitos estamos ...<br \/><div class=\"pt-cv-rmwrap\"><a href=\"https:\/\/sspsicopedagogia.com.br\/blog\/suba-para-respirar\/\" class=\"_self pt-cv-readmore btn btn-success\" target=\"_self\">Leia Mais<\/a><\/div><\/div><\/div><\/div><\/div><\/div><\/div>\n","protected":false},"excerpt":{"rendered":"","protected":false},"author":1,"featured_media":433,"parent":0,"menu_order":0,"comment_status":"closed","ping_status":"closed","template":"","meta":[],"_links":{"self":[{"href":"https:\/\/sspsicopedagogia.com.br\/blog\/wp-json\/wp\/v2\/pages\/7"}],"collection":[{"href":"https:\/\/sspsicopedagogia.com.br\/blog\/wp-json\/wp\/v2\/pages"}],"about":[{"href":"https:\/\/sspsicopedagogia.com.br\/blog\/wp-json\/wp\/v2\/types\/page"}],"author":[{"embeddable":true,"href":"https:\/\/sspsicopedagogia.com.br\/blog\/wp-json\/wp\/v2\/users\/1"}],"replies":[{"embeddable":true,"href":"https:\/\/sspsicopedagogia.com.br\/blog\/wp-json\/wp\/v2\/comments?post=7"}],"version-history":[{"count":3,"href":"https:\/\/sspsicopedagogia.com.br\/blog\/wp-json\/wp\/v2\/pages\/7\/revisions"}],"predecessor-version":[{"id":414,"href":"https:\/\/sspsicopedagogia.com.br\/blog\/wp-json\/wp\/v2\/pages\/7\/revisions\/414"}],"wp:featuredmedia":[{"embeddable":true,"href":"https:\/\/sspsicopedagogia.com.br\/blog\/wp-json\/wp\/v2\/media\/433"}],"wp:attachment":[{"href":"https:\/\/sspsicopedagogia.com.br\/blog\/wp-json\/wp\/v2\/media?parent=7"}],"curies":[{"name":"wp","href":"https:\/\/api.w.org\/{rel}","templated":true}]}}